1 - 70. Calculate the greatest common divisor of z and 8.
8
Let u = 17 + -11. What is the highest common divisor of u and 18?
6
Let f be (-1 + 27)/((-2)/(-1)). Let l(a) = -a**3 - 5*a**2 + 4*a + 1. Let u be l(-6). Calculate the greatest common factor of u and f.
13
Let c = 37 + -62. Let m = 48 + c. Suppose -2 = -5*q + m. What is the greatest common divisor of 15 and q?
5
Let z(h) = 3*h + 4. Suppose -5*k + 2 = 47. Let a = -6 - k. Let d be z(a). Calculate the highest common divisor of d and 26.
13
Suppose 2*w + 1 = 7. Let s be (-2)/6 + 376/3. Suppose 4*x = -x + 25, w*x = -2*p + s. Calculate the greatest common factor of p and 11.
11
Let u(g) = 2*g + 1. Let j be u(2). Let s = j + 4. What is the highest common factor of s and 18?
9
Suppose -4*h + 46 = -3*i, i + 37 = 4*h - h. Calculate the highest common factor of h and 39.
13
Let l be (3/(-1))/(1974/330 - 6). What is the greatest common divisor of 15 and l?
15
Let s(m) = -m. Suppose -4*t - 59 = 5*z - 17, -2*t + z = 14. Let j be s(t). Suppose k - 34 = -j. What is the highest common divisor of 39 and k?
13
Suppose -32 = -3*w - w. Let z = w - 4. Suppose -2*i - 2*y = -62, 4*y - 8*y = -12. What is the greatest common divisor of z and i?
4
Suppose 3*i - 41 = 5*r - 0*r, -4*r = -20. Calculate the greatest common divisor of i and 66.
22
Let f(w) = -w**3 - 5*w**2 - 9*w - 8. Let a be f(-7). Let x = a - 96. Calculate the highest common divisor of 38 and x.
19
Let l = 413 + -161. What is the greatest common divisor of l and 36?
36
Let z be 0 + (-4 - 0) + 4. Suppose z = -a - 8 + 9. What is the greatest common factor of 1 and a?
1
Suppose -5*y + 709 = -5*a - 116, 3*y + a - 475 = 0. Suppose -p = -6*p + y. Calculate the highest common divisor of p and 16.
16
Let q(y) = -2*y**2 - 2*y + 3. Let s be q(2). Let r = -45 - -51. Let m be (-60)/s*r/5. Calculate the highest common divisor of 4 and m.
4
Suppose k - 3*k + 974 = 5*s, 2*k - 392 = -2*s. Suppose 4*b = s + 126. Calculate the greatest common factor of b and 10.
10
Let r = 65 - 58. Calculate the highest common divisor of 147 and r.
7
Let m(w) = 3*w**2 + 10*w + 20. Let o be m(-4). What is the highest common divisor of o and 14?
14
Let c(z) = -z**2 + 8*z - 4. Let q be (-31)/(-5) - (-2)/(-10). Let x be c(q). Calculate the greatest common factor of x and 1.
1
Let b(x) = 9*x + 176. Let l be b(-16). Let q(c) = 2*c. Let g be q(4). What is the highest common divisor of l and g?
8
Let f(z) = -z + 15. Let m be f(-11). Calculate the highest common factor of 39 and m.
13
Suppose 3*z - k = 184, 3*z = k - 3*k + 172. Calculate the highest common divisor of z and 150.
30
Suppose q - 3*s = 2*s + 37, -98 = -4*q - 5*s. Let w(n) = n**3 - 11 + 2 - 14*n + 10*n**2 - 6. Let l be w(-11). What is the greatest common divisor of q and l?
9
Suppose 77 - 2 = 3*b. Let y = -5 + b. Calculate the greatest common factor of 10 and y.
10
Suppose -2 = 5*c + 78. Let d be (-4 + 3)/(2/c). Let s = -1 + 3. Calculate the greatest common factor of s and d.
2
Let c = -8 + 19. Suppose -c = -u - 2. Calculate the greatest common divisor of u and 81.
9
Suppose -t = 2*v - 233, -2*t - t + 584 = 5*v. Suppose 3*a = -2*a + v. What is the greatest common divisor of 46 and a?
23
Let w(l) = -55*l - 1. Let z be w(-1). Let y(v) = -2*v**2 - v. Let d be y(-2). Let c = d + 12. What is the greatest common divisor of z and c?
6
Suppose 4*s + 5*c + 12 = 0, 4*s - 2*c = 2*c - 12. Let h = s - -6. What is the greatest common factor of 33 and h?
3
Let g(j) = 45*j**2 - 2*j. Let r = -7 + 9. Let w be g(r). Suppose -5*p = -47 - 33. Calculate the greatest common divisor of p and w.
16
Suppose t + 0 = -2*u + 114, t - 282 = -5*u. Let c = u + -20. What is the greatest common factor of 18 and c?
18
Suppose 4*j - 47 = 17. Let p(u) = u**2 + 2*u - 1. Let f be p(-3). Let r = f - -2. Calculate the greatest common divisor of j and r.
4
Suppose -3*p + p = 0. Let x = p - -21. What is the highest common divisor of 147 and x?
21
Let f(m) = -m**3 - 3*m + 9. Let z be f(0). Suppose -s = 3*s - 36. What is the highest common divisor of z and s?
9
Let i(m) = m + 24. Suppose -17*x + 14*x - 24 = 0. Let p be i(x). Let g = 13 - 9. What is the greatest common divisor of p and g?
4
Let m = 10 - -44. Calculate the highest common divisor of m and 6.
6
Suppose 30*d - 672 = 22*d. What is the greatest common factor of d and 210?
42
Suppose 3*w - x = 1 + 8, -4*x - 12 = -4*w. Calculate the greatest common divisor of w and 15.
3
Let f be ((-4)/(-6))/((-1)/(-12)). Suppose -2*s + 880 = -0*s. Suppose -s = -6*w + w. What is the highest common factor of f and w?
8
Let s be 11*5/(10/4). Let j(u) = u - 12. Let p be j(9). Let k = p - -14. Calculate the greatest common factor of s and k.
11
Suppose 0 = -2*w + 7*w + 2*d + 265, 3*w = 5*d - 159. Let j = -37 - w. What is the greatest common factor of 32 and j?
16
Let z = 13 - 23. Let d be 3/15 - 478/z. Suppose -63 = -2*w + 1. What is the highest common divisor of w and d?
16
Let s(u) = -u**3 + 13*u**2 - 6. Let g be s(13). Let o = 10 + g. What is the greatest common divisor of 36 and o?
4
Suppose 8 = -4*b, 3*g + 4*b = 613 + 162. What is the highest common factor of 29 and g?
29
Let x be (-12)/(-7) - (-4)/14. Let p be 1/(-2) + 103/2. Suppose p = 5*d - 9. What is the greatest common factor of x and d?
2
Suppose -2*q + 5*a + 27 = 0, a + a - 6 = 0. Calculate the greatest common divisor of q and 14.
7
Let p be ((-5)/4)/(14/(-224)). Calculate the highest common factor of p and 40.
20
Let x = 33 - 23. Let t = 9 + -6. Suppose t*w = 5*w - 20. What is the highest common factor of w and x?
10
Suppose 5*p - 17*p + 120 = 0. What is the highest common divisor of 6 and p?
2
Let k be (-11 - 1)*12/(-24). Let r(m) = -m**3 + 6 + 7*m**2 - 11*m - 2 + 2*m + 2*m. Let w be r(4). What is the greatest common divisor of w and k?
6
Let b be 5/10*(0 - -96). Calculate the greatest common factor of b and 32.
16
Let m be (-2 - -2) + (54 - -3). Suppose -m = -4*k - 1. Calculate the greatest common factor of k and 21.
7
Suppose 5*d = t + 390, 4*d - 3*t + 159 - 471 = 0. Calculate the highest common factor of 26 and d.
26
Suppose -29 = -5*i - 4. Suppose i*p - 4 - 21 = 0. Suppose o - p*d - 31 = -8, -2*d - 17 = -o. What is the highest common factor of 39 and o?
13
Let p(n) = -n**3 + 12*n**2 + 14*n + 2. Let v be p(13). Calculate the greatest common divisor of 15 and v.
15
Let n be 2/((-1257)/420 - -3). Let a be n/(-6)*6/(-4). What is the greatest common divisor of a and 28?
14
Let d(i) = -i - 17. Let g be d(-9). Let u be (g + -1)/(-2 - -1). What is the greatest common divisor of 72 and u?
9
Let j = -13 - -14. Calculate the greatest common divisor of j and 8.
1
Let r = -10 + 12. Suppose 77 = r*o + s, 2*o = -o + s + 123. What is the highest common divisor of o and 8?
8
Let c = -4 + 6. Let p be 3 + c/((-6)/3). Let z(a) = 10*a**3 - a**2 - 3*a + 2. Let l be z(p). Calculate the highest common factor of l and 18.
18
Let q be 1/2 + (-3)/(-2). Suppose 3*v - q = 91. Suppose 2*h = -v + 111. What is the greatest common divisor of 100 and h?
20
Let d(n) = 6*n - 1. Let p be d(1). Suppose p*l = 4 + 1. Let c be 3/9*(-1 + 34). What is the greatest common divisor of c and l?
1
Suppose -4*k = 5*f + 68, 2*f - 108 = 4*k - 3*f. Let r = k + 40. What is the highest common factor of r and 45?
9
Suppose 4*r = 4*a - 12, 0*a - 12 = -4*a + r. Suppose -a*o - 28 = -70. What is the greatest common divisor of o and 2?
2
Let b(v) = -6*v - 143. Let z be b(-27). Let u be 1030/6 + (-4)/6. Calculate the greatest common divisor of u and z.
19
Let l = 352 + -202. Let v = l - 50. Calculate the greatest common factor of v and 25.
25
Let b be (-8)/(-12) + 13/3. Suppose b*y = 4*y + 13. Let s = -121 + 225. Calculate the greatest common divisor of y and s.
13
Let h(i) = 4*i**2 + 9*i + 12. Let c be h(-8). What is the greatest common factor of 28 and c?
28
Let l be 87/58 - (-53)/2. Calculate the greatest common divisor of 4 and l.
4
Suppose 3*d = -0*l - l + 8, 4 = -d - 2*l. Calculate the greatest common factor of d and 20.
4
Suppose 0 = -6*b - 5*b + 110. What is the highest common factor of 40 and b?
10
Let k = 150 - 80. What is the greatest common factor of k and 28?
14
Let g(a) = -a**2 + 11*a - 14. Let y be g(6). Calculate the highest common factor of y and 128.
16
Let p = 50 + -27. Calculate the greatest common facto